at is the remainder when s is divided by 4?
2
Suppose f - 1 = 4*w + w, -3*f + 2*w = -3. Suppose 4*b - 53 = -f. Calculate the remainder when 36 is divided by b.
10
Let c(n) = 6*n + 3. Let t be c(-5). Let y = 62 + t. Calculate the remainder when y is divided by 12.
11
Suppose -42*f + 49*f - 490 = 0. What is the remainder when f is divided by 20?
10
Let h(o) = -12*o**3 - o - 1. Let l(q) = q**3 + q**2 + q + 10. Let t be l(0). Calculate the remainder when h(-1) is divided by 74/t - 8/20.
5
Suppose -5*d - 3 = -18, -5*d + 43 = 4*n. Calculate the remainder when n is divided by 3.
1
Let m(o) = -2*o - 11. Let f be m(-8). Let r be f/(5/(-2)) + 9. Suppose -r - 17 = -4*w - 4*v, 5*w - 2*v = 37. Calculate the remainder when 19 is divided by w.
5
Let t(i) = 2*i**2 - 65*i + 40. Calculate the remainder when 435 is divided by t(33).
70
Suppose 0 = -7*m + 3*m + 8. What is the remainder when m + 4 + -1 + 0 is divided by 3?
2
Suppose 3*q + 8*q - 110 = 0. Let z(y) = -7*y - 10. What is the remainder when z(-7) is divided by q?
9
Let d = -7 + 44. What is the remainder when (d/(-2))/((-2)/4) is divided by 20?
17
Suppose -2*l - 3*l = -10. Suppose -j - j - l = 0. Calculate the remainder when 58 is divided by j/3 + (-61)/(-3).
18
Suppose 0 = -0*t + 2*t - 16. Let l = 62 + -40. What is the remainder when l is divided by t?
6
Suppose 2*x + 2*x - 12 = 0. Suppose 15 = -x*y, 3*w + 5*y + 137 = 5*w. Calculate the remainder when w is divided by 15.
11
Suppose -4*p = 4*q - 20, 3*p - 4*q + 0 - 1 = 0. Suppose 6 = s - 2*y, 2*s - p*y = -s + 18. Calculate the remainder when 10 is divided by s.
4
Suppose i + 2*i - 3*x - 27 = 0, 5*x = 0. Suppose 5*d - i = -4*z, -2*d = -2*z + 5*z - 5. Suppose -4*a = -15 - d. What is the remainder when 6 is divided by a?
2
Let m be 30/4 + (-7)/(-14). Calculate the remainder when 27 is divided by 110/m + 2/8.
13
Let q(o) = -o**3 + 5*o**2. Suppose z + 328 = -5*r - 137, -186 = 2*r + 4*z. Let h = r + 139. What is the remainder when h is divided by q(4)?
14
Suppose 2*o = -2*q - o + 78, -2*o + 4 = 0. Suppose -2*i = -6*i + q. Calculate the remainder when 33 is divided by i.
6
Suppose -2*c + 2*f = 4, -2*f + 2 = -3*c - 0*c. Suppose c*g - 2*d = g - 18, -4*g = -3*d + 57. Calculate the remainder when (-441)/g - (-3)/12 is divided by 10.
7
Let i(x) = 3*x**2 + x. Suppose 4*r + 0 = 4. What is the remainder when i(-1) is divided by r?
0
Let p = 2 + -1. Calculate the remainder when 3 is divided by p.
0
Calculate the remainder when (35/21 - 6)/(2/(-18)) is divided by 22.
17
Suppose 2*u - 30 - 6 = 0. Let j(i) = -7*i + 61. What is the remainder when u is divided by j(8)?
3
Suppose -j - 3*j + 24 = 0. What is the remainder when 17 is divided by j?
5
Let h = 107 + 10. What is the remainder when h is divided by 12?
9
Let l = -5 + 20. Let c(u) = u**2 + 4*u - 12. Calculate the remainder when l is divided by c(3).
6
Suppose 5*n = 4*n. Suppose n = -d + 3*d - 20. What is the remainder when 27 is divided by d?
7
What is the remainder when 70 is divided by (-2 - 0)/((-1)/(3*2))?
10
Let c = 21 - 15. Suppose 46*q - 48*q + 20 = 0. What is the remainder when q is divided by c?
4
Suppose 0*n = 5*n - 80. Suppose -2 = -v, -5*x + 1106 = 4*v + 323. Suppose 4*f - x = -f. What is the remainder when f is divided by n?
15
Let v(p) = 15*p**2 + 2*p + 1. Calculate the remainder when (-2*3)/((-3)/20) is divided by v(-1).
12
Let b be 0 - -2 - -1 - 1. Suppose 0*c - 2*c + j + 119 = 0, b*j = -c + 57. What is the remainder when c is divided by 15?
14
Let w = 0 + 2. Suppose -5*q = 3*j - 46, -14 = -2*q + w*j - j. Calculate the remainder when q is divided by (-155)/(-55) - 4/(-22).
2
Suppose -5*g - 25 = 0, 2*t - 3*g - 39 = 6. Suppose -2*f = -74 - 38. Suppose 5*u = 3*u + f. Calculate the remainder when u is divided by t.
13
Let d(w) = -10*w - 5. Let s(x) = -x - 1. Let c(k) = -d(k) + 5*s(k). Let o be c(2). Suppose 2*h + o = 28. What is the remainder when 17 is divided by h?
8
Let q = -2 - -9. Suppose 1 = -d + q. Suppose 0 = 5*j - 0*j - 50. What is the remainder when j is divided by d?
4
Let o(y) = -y**2 - 12*y - 15. Calculate the remainder when 18 is divided by o(-10).
3
Let t = -8 + 12. Suppose 5*a - 10 = -5*x, 5*x + 2*a = 7*a + 30. Let w = 3 + x. Calculate the remainder when w is divided by t.
3
Suppose -4*a + 272 = 4*r, 2*r = 2*a - a - 77. What is the remainder when a is divided by 6?
5
Let n be 4*-1*1/(-2). Let d = n - -9. What is the remainder when 31 is divided by d?
9
Let b(k) = k + 0*k + 4 - k + 2*k. Calculate the remainder when 37 is divided by b(2).
5
Let y = -20 + 40. Suppose a - 176 = -3*s + 23, 5*a = y. Calculate the remainder when s is divided by 17.
14
Suppose 8*z = 426 + 70. Let n = 15 + -3. Let r = n - -9. Calculate the remainder when z is divided by r.
20
Suppose 0 = -3*s, -y - 3*y = -s - 72. Calculate the remainder when 51 is divided by y.
15
Let c = -42 - -53. Calculate the remainder when (-2 - -84)/(6/3) is divided by c.
8
Let k(h) = 29*h**2 + 11*h + 1. Let v(y) = -14*y**2 - 6*y. Let r(m) = 3*k(m) + 5*v(m). Calculate the remainder when r(-2) is divided by 22.
21
Let n be 1 - -4*(-2)/4. What is the remainder when ((200/15)/(-5))/(1/(-6)) is divided by n + 3 - (-8)/2?
4
Let u = 72 + -29. Suppose -4*q + 9 = -u. What is the remainder when 24 is divided by q?
11
Let u be (-1 + 3)/(2/60). Suppose -2*o + 6*o - u = 0. Calculate the remainder when o is divided by (-2)/10 + 246/30.
7
What is the remainder when 6/10 - (-2892)/30 is divided by 25?
22
Let m = 14 + 7. Suppose -2*p = p - m. Calculate the remainder when 12 is divided by p.
5
Let p(s) = s**2 + 4*s - 3. Let f be p(-4). Let j = f + 11. Let z(g) = g - 6. What is the remainder when 5 is divided by z(j)?
1
Let g = 4 + 0. Let u be (6/4)/((-3)/g). Let b = 16 + u. What is the remainder when 40 is divided by b?
12
Let d(o) = o. Suppose 2*q = -q + 9. What is the remainder when 8 is divided by d(q)?
2
Let v be (5/25)/((-2)/(-10)). Let s = 14 - 3. Calculate the remainder when v - (-3 - (3 + 13)) is divided by s.
9
Suppose 2*z - 4*k = 12, 2*z + 2*k - 8 = 5*k. What is the remainder when 55 is divided by (3/z - -2)*58?
26
Let g = 51 - 32. What is the remainder when g is divided by 10?
9
Let t = 84 - 57. Let o be (1 + 0 + 0)/1. Suppose -2*a - 4 = -w, 0 = w - a - 6 - o. What is the remainder when t is divided by w?
7
Suppose -108 + 20 = -4*n. What is the remainder when n is divided by 8?
6
Let k(x) = 4*x**3 + x - 1. Let w = 6 + -5. Calculate the remainder when k(w) is divided by 3.
1
Let x be 24/1 - 1/1. Let f = 13 + 2. Let s = f + x. What is the remainder when s is divided by 13?
12
Let b be 2 + (-2 - (-4 + 1)). Let g(s) = -s**3 + 5*s**2 - 5*s + 3. Let k(d) = 4*d**2. Calculate the remainder when g(b) is divided by k(-1).
2
Let n(u) = 5*u**2 + 2 + 0*u**3 - 1 - u**3 - 3 + u. What is the remainder when 35 is divided by n(4)?
17
Let f(c) = 4*c**2 - 5*c + 6. Let v be f(4). Suppose 0 = -4*z - 5*t + v, -5*t + 13 = 3. What is the remainder when z is divided by 6?
4
Let a(t) = t + 36. What is the remainder when a(-8) is divided by 0 + 1 - -2*7?
13
Suppose i = -0 + 2. Calculate the remainder when 23 is divided by ((-5)/(-2) - i)*16.
7
Let w(s) = s**2 - 11*s - 7. Calculate the remainder when w(13) is divided by 4.
3
Suppose 5*c = -4*j + 36, -4*j - c + 4 = -4*c. Let a = 3 - 1. Calculate the remainder when j is divided by -2*2 + a - -4.
0
Let f = -209 + 315. Suppose -f = -4*p + 90. Calculate the remainder when p is divided by 17.
15
Let i(p) = -p**3 - 4*p**2 - 2. Let o be i(-4). Let q be (o - 0)/((-2)/94). Let v = -66 + q. Calculate the remainder when v is divided by 10.
8
What is the remainder when 73 is divided by (4 - (-55)/(-15))*57?
16
Suppose i - 3 = -5*f, 2*i - f + 6 = 4*i. Suppose -4*v + 24 = -8. What is the remainder when v is divided by i?
2
Suppose -3 = 2*a - 3*a. Let c(n) = n**2 - 10. Let i be c(0). Calculate the remainder when (28/i)/((-2)/5) is divided by a.
1
Let d = -19 + 34. Suppose -3*v - q = -12, 3*v - d = -4*q + 2*q. What is the remainder when 8 is divided by v?
2
Let y be (0 + 0)/((-4)/(-2)). Suppose -60 = -4*q - 8. Suppose r + y*r = q. Calculate the remainder when r is divided by 7.
6
Suppose 2*n - 5*h = -35 + 82, 0 = 3*n + 4*h - 36. Let s be ((-15)/4)/5*-40. Let i = s - -32. Calculate the remainder when i is divided by n.
14
Let p(q) = -q**2 - 